s the tens digit of 2412?
1
What is the units digit of 1572?
2
What is the hundreds digit of 28175?
1
What is the tens digit of 3631?
3
What is the hundreds digit of 9821?
8
What is the tens digit of 1302?
0
What is the ten thousands digit of 21734?
2
What is the thousands digit of 2293?
2
What is the units digit of 9651?
1
What is the ten thousands digit of 27233?
2
What is the thousands digit of 1015?
1
What is the units digit of 18559?
9
What is the thousands digit of 70856?
0
What is the hundreds digit of 8969?
9
What is the thousands digit of 1561?
1
What is the tens digit of 46759?
5
What is the thousands digit of 95650?
5
What is the thousands digit of 24588?
4
What is the tens digit of 75980?
8
What is the tens digit of 11872?
7
What is the units digit of 55580?
0
What is the tens digit of 1406?
0
What is the tens digit of 998?
9
What is the thousands digit of 12300?
2
What is the tens digit of 16444?
4
What is the units digit of 5188?
8
What is the hundreds digit of 926?
9
What is the thousands digit of 11242?
1
What is the hundreds digit of 46225?
2
What is the ten thousands digit of 24378?
2
What is the units digit of 3116?
6
What is the units digit of 49756?
6
What is the ten thousands digit of 21922?
2
What is the units digit of 17335?
5
What is the units digit of 711?
1
What is the ten thousands digit of 36070?
3
What is the thousands digit of 9178?
9
What is the hundreds digit of 5507?
5
What is the hundreds digit of 7208?
2
What is the ten thousands digit of 17266?
1
What is the ten thousands digit of 10055?
1
What is the hundreds digit of 767?
7
What is the units digit of 7167?
7
What is the ten thousands digit of 49202?
4
What is the units digit of 8554?
4
What is the tens digit of 745?
4
What is the tens digit of 27214?
1
What is the tens digit of 99200?
0
What is the tens digit of 11?
1
What is the thousands digit of 33665?
3
What is the units digit of 1907?
7
What is the units digit of 658?
8
What is the tens digit of 716?
1
What is the thousands digit of 15217?
5
What is the hundreds digit of 4597?
5
What is the hundreds digit of 4233?
2
What is the hundreds digit of 197?
1
What is the tens digit of 2858?
5
What is the thousands digit of 39095?
9
What is the units digit of 11275?
5
What is the hundreds digit of 824?
8
What is the tens digit of 1807?
0
What is the thousands digit of 90912?
0
What is the hundreds digit of 6658?
6
What is the tens digit of 3071?
7
What is the ten thousands digit of 54370?
5
What is the ten thousands digit of 23689?
2
What is the thousands digit of 34324?
4
What is the tens digit of 14594?
9
What is the thousands digit of 15866?
5
What is the units digit of 895?
5
What is the thousands digit of 23931?
3
What is the tens digit of 10768?
6
What is the hundreds digit of 1989?
9
What is the tens digit of 15682?
8
What is the ten thousands digit of 27348?
2
What is the hundreds digit of 38112?
1
What is the thousands digit of 2203?
2
What is the tens digit of 3762?
6
What is the thousands digit of 4736?
4
What is the units digit of 175?
5
What is the thousands digit of 4390?
4
What is the units digit of 637?
7
What is the ten thousands digit of 14037?
1
What is the tens digit of 160762?
6
What is the hundreds digit of 3162?
1
What is the thousands digit of 38107?
8
What is the units digit of 24854?
4
What is the tens digit of 12620?
2
What is the thousands digit of 6679?
6
What is the ten thousands digit of 56159?
5
What is the units digit of 2029?
9
What is the units digit of 16628?
8
What is the hundreds digit of 17214?
2
What is the tens digit of 2347?
4
What is the tens digit of 70196?
9
What is the thousands digit of 28871?
8
What is the tens digit of 43035?
3
What is the hundreds digit of 2432?
4
What is the units digit of 18544?
4
What is the tens digit of 37506?
0
What is the thousands digit of 4894?
4
What is the units digit of 995?
5
What is the tens digit of 29121?
2
What is the tens digit of 4152?
5
What is the units digit of 22458?
8
What is the thousands digit of 6515?
6
What is the thousands digit of 5297?
5
What is the ten thousands digit of 48115?
4
What is the thousands digit of 19800?
9
What is the thousands digit of 182293?
2
What is the units digit of 57899?
9
What is the tens digit of 3584?
8
What is the tens digit of 552?
5
What is the thousands digit of 96317?
6
What is the units digit of 1290?
0
What is the units digit of 702?
2
What is the hundreds digit of 2628?
6
What is the units digit of 110455?
5
What is the tens digit of 7598?
9
What is the hundreds digit of 11151?
1
What is the hundreds digit of 11279?
2
What is the tens digit of 58124?
2
What is the ten thousands digit of 11927?
1
What is the tens digit of 5879?
7
What is the tens digit of 1101?
0
What is the tens digit of 426?
2
What is the thousands digit of 2101?
2
What is the tens digit of 2308?
0
What is the thousands digit of 10267?
0
What is the hundred thousands digit of 140705?
1
What is the thousands digit of 28154?
8
What is the ten thousands digit of 115475?
1
What is the tens digit of 1993?
9
What is the units digit of 2309?
9
What is the thousands digit of 5155?
5
What is the tens digit of 566?
6
What is the thousands digit of 21916?
1
What is the thousands digit of 1581?
1
What is the thousands digit of 1902?
1
What is the thousands digit of 9455?
9
What is the thousands digit of 4165?
4
What is the units digit of 202618?
8
What is the hundreds digit of 8210?
2
What is the tens digit of 4829?
2
What is the tens digit of 3365?
6
What is the hundreds digit of 361?
3
What is the tens digit of 1632?
3
What is the units digit of 421?
1
What is the hundreds digit of 1336?
3
What is the tens digit of 2607?
0
What is the ten thousands digit of 10550?
1
What is the units digit of 31715?
5
What is the thousands digit of 6407?
6
What is the tens digit of 3168?
6
What is the ten thousands digit of 75347?
7
What is the tens digit of 9104?
0
What is the tens digit of 7300?
0
What is the tens digit of 86?
8
What is the units digit of 3292?
2
What is the ten thousands digit of 34518?
3
What is the tens digit of 304?
0
What is the hundreds digit of 7856?
8
What is the hundreds digit of 2312?
3
What is the hundreds digit of 4365?
3
What is the tens digit of 3452?
5
What is the hundreds digit of 476?
4
What is the units digit of 5205?
5
What is the hundreds digit of 3606?
6
What is the tens digit of 2137?
3
What is the ten thousands digit of 17453?
1
What is the units digit of 46594?
4
What is the units digit of 81559?
9
What is the hundreds digit of 51136?
1
What is the tens digit of 10253?
5
What is the thousands digit of 2077?
2
What is the units digit of 158?
8
What is the thousands digit of 1720?
1
What is the hundreds digit of 2226?
2
What is the tens digit of 1560?
6
What is the hundreds digit of 4277?
2
What is the thousands digit of 12417?
2
What is the hundreds digit of 8923?
9
What is the thousands digit of 1222?
1
What is the tens digit of 1767?
6
What is the hundreds digit of 2450?
4
What is the hundreds digit of 16594?
5
What is the tens digit of 3915?
1
What is the ten thousands digit of 130132?
3
What is the units digit of 366?
6
What is the units digit of 75011?
1
What is the units digit of 53317?
7
What is the ten thousands digit of 23572?
2
What is the units digit of 137197?
7
What is the tens digit of 543?
4
What is the hundreds digit of 1268?
2
What is the hundreds digit of 787?
7
What is the units digit of 160?
0
What is the hundreds digit of 1956?
9
What is the thousands digit of 3571?
3
What is the units digit of 2698?
8
What is the thousands digit of 1721?
1
What is the tens digit of 1837?
3
What is the hundreds digit of 1612?
6
What is the units digit of 1437?
7
What is the tens digit of 32022?
2
What is the tens digit of 3708?
0
What is the hundreds digit of 36102?
1
What is the hundreds digit of 426?
4
What is the thousands digit of 11080?
1
What is the tens digit of 1068?
6
What is the hundreds digit of 8983?
9
What is the hundreds digit of 44646?
6
What is the thousands digit of 1222?
1
What is the thousands digit of 1790?
1
What is the units digit of 12249?
9
What is the ten thousands digit of 18104?
1
What is the units digit of 8290?
0
What is the units digit of 1660?
0
What is the